be 1 - (-54)/(4 + -1). Suppose -5*a - 4 + h = 0. Suppose 5*p + 5 = -5*b, 0*b + 7 = -p - a*b. What is the units digit of p?
2
What is the units digit of (1434/(-4))/((-81)/54)?
9
Let j = 39 + -14. What is the units digit of j?
5
Let y(o) = -13*o - 3. What is the hundreds digit of y(-8)?
1
Let q(b) = -b**3 - b**2 - b - 1. What is the tens digit of q(-5)?
0
Let p(i) = 3*i - 1. Let t be p(1). Suppose 0*r = -t*r + 4. What is the units digit of r?
2
Let w(m) be the second derivative of m**4/6 + m**3/2 + m**2/2 - 2*m. What is the units digit of w(-3)?
0
Suppose h + 3*j - 19 = -2, 2 = 2*h - 2*j. Suppose -y = 6 - h. Let d = y - -2. What is the units digit of d?
1
Suppose -2*a + x + 63 = 0, 4*a - 2*x - 117 = -3*x. What is the tens digit of a?
3
Suppose -m - 4*y = -203, 4*m + 5*y - 135 - 677 = 0. What is the hundreds digit of m?
2
Let t = -10 - -28. What is the tens digit of t?
1
Suppose -2 = 2*w + 2*z - 4, 0 = -2*w - 3*z + 5. Let k = w + 22. What is the tens digit of k?
2
Suppose -w = 2*p + 3, 5*w + 15 = -4*p + 2*p. Suppose -4 + p = 2*d. Let g = 5 - d. What is the units digit of g?
7
Let p be -636*(15/6 - 1). What is the tens digit of p/(-42) - 4/(-14)?
2
Suppose 2*p - 4*a + 3*a - 51 = 0, 50 = 2*p - 2*a. Let m = -14 + p. What is the units digit of m?
2
Let a = -19 - -11. Let h(j) = j**3 + 8*j**2 - 5*j - 7. What is the units digit of h(a)?
3
Let r be ((-8)/12)/((-2)/27). Let k = 1 + 5. Let d = r - k. What is the units digit of d?
3
Let a be -8*(-2)/20*110. Suppose -y + 4 = 3*q, -5*y + 2*q + a = -0*y. What is the units digit of y?
6
Suppose -32*b - 240 = -34*b. What is the units digit of b?
0
Let h(g) = 0*g**3 + 5 - 3*g + g + g**3 + 5*g**2. What is the tens digit of h(-5)?
1
Suppose b + 1 = -3*y, 5*b + 44 = -2*y - 0*y. Let q = 25 + b. What is the units digit of q?
5
Let z(o) = o**3 + 4*o**2 + 2*o + 3. Let r(q) = -q**3 - 3*q**2 + 4*q - 3. Let a be r(-4). Let h be z(a). What is the units digit of 130/18 - h/27?
7
Let a = 24 + -16. Suppose 2*t = 4*k - 8, -t = 4*k - 4*t - 12. Suppose k*m = -4*m + a. What is the units digit of m?
2
Let a(m) = -m**3 - 4*m**2 + 3*m + 7. What is the units digit of a(-6)?
1
Let w(g) = g**3 + 13*g**2 + 13*g - 25. What is the tens digit of w(-10)?
4
Suppose 193 = 9*q - 977. What is the units digit of q?
0
Let g(a) = -5*a + 45. Let f(d) = d - 11. Let c(x) = 9*f(x) + 2*g(x). Let j be c(-11). Suppose 3*w + 13 = 2*t + 2*t, t - j = w. What is the units digit of t?
7
Suppose 10*x - 316 = 8*x. What is the units digit of x?
8
Let a(o) = o**3 + 7*o**2 + 6*o + 7. Let p be a(-7). Let s be 10/p + (-23)/(-7). Suppose -s*d + 4 = d. What is the units digit of d?
1
Let w = -2 - -5. Let d be -3 - w/1*-1. Suppose d*k - 31 = -5*o + 2*k, -o + 14 = -3*k. What is the units digit of o?
5
Let u(q) = 6*q + 4. Let z(n) = -n. Let g be z(-3). What is the tens digit of u(g)?
2
Let r = 207 - 18. What is the hundreds digit of r?
1
Suppose -2*v + 64 = 18. What is the tens digit of v?
2
Suppose -3*d = -7*d - 5*r + 8, -r = 2*d + 2. Let o(n) = 3*n**2 + 3*n + 2. What is the tens digit of o(d)?
2
Suppose -3*u + 1089 = 3*x, u + 3*x + 1783 = 6*u. What is the hundreds digit of u?
3
Let o(s) = s + 35. What is the tens digit of o(0)?
3
Let l(z) = 4*z**3 + 2*z - 1. Let j be l(1). Suppose -3*f + 34 = -j*d, -f + 6 = d - 0*d. What is the units digit of f?
8
Let y(b) be the third derivative of -b**4/6 + b**3/6 + 3*b**2. Let n be y(-1). Suppose -n*s - 2*o + 26 + 9 = 0, 4*o - 30 = -2*s. What is the units digit of s?
5
Let c(i) = i**2 - i + 10. Let x be c(0). Let n = x + -6. What is the units digit of n?
4
Suppose 0 = -2*r + 5*a + 294, r - 2*a = -a + 144. What is the tens digit of r?
4
Let v(h) = -5*h + 41. What is the units digit of v(-19)?
6
Suppose 0 = 5*s - 0 - 15. Suppose 5*h + s*f = -12, f = -h - h - 4. Suppose 20 = -h*y + 4*y. What is the units digit of y?
5
Let o = -26 + 45. What is the units digit of o?
9
Suppose 11 = 4*a - 37. What is the units digit of a?
2
Suppose -1112 = -81*p + 77*p. What is the hundreds digit of p?
2
Let g be 1/((1 - 0)/(-2)). Let t(s) = 3*s**2 + 3*s + 1. What is the units digit of t(g)?
7
Suppose -4*z + 2*z - 3*k = -25, 2*k = 4*z - 90. Suppose 5*v - z = 65. What is the units digit of v?
7
Let l = -46 - -86. What is the units digit of l?
0
Suppose -2*n + 24 = -0*n. What is the units digit of n?
2
Let l be (-2 - (-3)/1)*0. Suppose -p + 5*p + 2*j = 92, 5*p - 2*j - 97 = l. What is the tens digit of p?
2
Let s be 0 + -1 - (-2 + -2). Suppose -4*x + s*g + 26 = -52, 3*g - 90 = -4*x. Suppose 2*w = -7 + x. What is the units digit of w?
7
Let j be 4/(-12) - 70/(-3). Suppose -6*v + 2*v - 60 = 0. Let w = j + v. What is the units digit of w?
8
Let i(p) = -p**3 - 6*p**2 + 10*p - 10. What is the tens digit of i(-8)?
3
Let x = -33 + 46. Let s = x - 12. What is the units digit of s?
1
Let f(b) = -b + 6. Let o be f(5). Let r be 1/(1/(-2)) - 5. Let h = o - r. What is the units digit of h?
8
Let q(f) = -4*f**2 + 2. Suppose -2*m - 5*j + 2 = 3, -18 = 5*m - 3*j. Let p(i) = -7*i**2 + 4. Let n(s) = m*p(s) + 5*q(s). What is the units digit of n(-3)?
7
Suppose 4*i + 0*l + 2*l - 20 = 0, 0 = -3*i - l + 14. Suppose -4*p + i*x = -p - 98, -p - 5*x = -58. Let k = p - 25. What is the tens digit of k?
1
Suppose 0 = -6*p + 432 + 132. What is the units digit of p?
4
Let f(x) = x**3 - 6*x**2 + 7*x - 5. Let z be f(5). Suppose 2 + 3 = -w, -z*r + 3*w + 75 = 0. What is the units digit of r?
2
Let h(u) = u**2 - 1. Let y be h(3). Let j = y + -3. Suppose 18 = t - 2*b, 3*b + b - 34 = -j*t. What is the units digit of t?
0
Let a be (-6)/4*(-6 - -4). Suppose a*l + 3*q + 7 + 2 = 0, -q - 5 = 0. Suppose 0*b - 2*o = -5*b + 26, -b = -4*o + l. What is the units digit of b?
6
Let s(g) = 4*g**2 - 3*g - 3. Let q be s(-2). Let v(u) = 2*u + 0*u + 7 - q. What is the units digit of v(8)?
4
Suppose -144 = -5*z + 801. What is the tens digit of z?
8
Let l(b) = b**3 + 2*b**2 + 3*b + 3. Let c be l(-2). Let p(m) = m**2 + 5*m + 2. Let v be p(c). What is the units digit of (-30)/v - 3/(-6)?
8
Let b(p) = 2*p**3 - 3*p**2 + 2*p - 33. What is the hundreds digit of b(6)?
3
Suppose 4*t + 75 = 2*g + 1, -4*t = -16. What is the units digit of g?
5
Let f be -1*36*(1 + 0). What is the units digit of -1 + (-4)/(16/f)?
8
Let l(p) = p**3 + 8*p**2 + p - 8. Let g be ((-1)/3)/(12/252). What is the tens digit of l(g)?
3
Let p(w) be the first derivative of -w**4/4 - 11*w**3/3 - 2*w**2 - 14*w - 7. What is the tens digit of p(-11)?
3
What is the units digit of 0 - 63/(-3) - -2?
3
Suppose 197 = 5*q + 5*n - 123, 3*q = 4*n + 157. Let d be 41 - ((1 - 2) + 0). Let p = q - d. What is the units digit of p?
7
Let q = -2 + 5. Suppose j - 4 - q = 0. What is the units digit of j/2 + 1/(-2)?
3
Let u be (-4)/24*2*-3. What is the tens digit of 375/20 + u/4?
1
Let l(w) = -w**3 + 5*w**2 + 2*w - 5. Let c be l(5). Let a be (40/25)/(4/30). Suppose c*n = -p + 2*n - 5, 5*n + a = 2*p. What is the units digit of p?
1
Let h(n) = 3*n**2 + 2*n. What is the units digit of h(-3)?
1
Suppose -5*c = 85 + 105. Let z = c + 87. What is the tens digit of z?
4
Let v(q) = -q**3 - 6*q**2 - 7*q. Let b be 17/(-3) - (-2)/(-6). Let r = b - -1. What is the tens digit of v(r)?
1
Let l(f) = 2*f - 5. Let r be l(4). Let a(t) = 6*t**2 - 3*t. Let h be a(2). Suppose h = 5*g - r*u, -4*g + 31 = 3*u - 5. What is the units digit of g?
6
Let z(d) = -d**3 - 6*d**2 - 4*d + 5. Let t be z(-5). Let h = t - -4. Suppose -3*m + y = -21, 0 = -5*m - h*y + 52 - 0. What is the units digit of m?
8
Let a = -10 - -19. What is the units digit of a?
9
Let b = -10 + 43. What is the units digit of b?
3
What is the units digit of (-8)/(-180)*5 + 43/9?
5
Let f(g) = -g**3 + 3*g**2 - g + 3. Let u be f(3). Suppose -2*v + 4 + 0 = u. Suppose -2*a - v*a + 20 = 0. What is the units digit of a?
5
Suppose 0*d = -d + 2*k + 3, 0 = -2*d + 2*k. What is the units digit of d + 6 - 4/2?
1
Let k = -21 - -14. Let l(f) = -f**3 - 7*f**2 - 2*f - 7. Let x be l(k). Suppose -2*u + x = -9. What is the units digit of u?
8
Let d be (-4)/6 + 15/9. Suppose 0*z + 6 = 3*z, y - 2*z = d. What is the units digit of 4/(-10) - (-17)/y?
3
What is the units digit of 73/2 - (-1)/2?
7
Suppose 0*l + l = 8. Let z(t) = 3*t - 12. Let y be z(l). Suppose -d = -5*a, -5*a - y = 5*d - 42. What is the units digit of a?
1
Suppose x = -4*y + 221, -4*x + 717 = 